) - 1/(-5)?
0
Let j(c) = 18*c**2 + 429*c + 17. What is the tens digit of j(-24)?
8
Suppose 4*k = d + 6*k + 20, -4*k = 8. Let o(a) = -10*a + 30. What is the hundreds digit of o(d)?
1
Suppose 0 = -137*l + 24*l + 41697. What is the hundreds digit of l?
3
Suppose -5 = j - 0*j, -2*j = 3*b + 19. What is the units digit of 773/b*(-7 + 1)?
6
Suppose -l + 0*l = -12. Suppose -10*i + 8 = -l. Suppose -7*h + i = -187. What is the units digit of h?
7
Let a = -54 - 223. Let s = -149 - a. What is the units digit of s?
8
What is the units digit of (18/(-2) - -2) + (-9506536)/(-442)?
1
Let l = -3 - -67. Let k = 358 + l. What is the tens digit of k?
2
Let h = -10 + 9. Let i be 3 + (2 - -76) - h. Suppose -82 = -2*n + i. What is the units digit of n?
2
Let x(s) = -278*s - 1668. What is the units digit of x(-15)?
2
Let f(l) = 20*l**2 - 29*l + 15. Let a(d) = 30*d**2 - 44*d + 23. Let x(t) = -5*a(t) + 8*f(t). What is the tens digit of x(6)?
9
Suppose -10286 = -59*y + 57*y + 5*f, 25646 = 5*y - f. What is the tens digit of y?
2
Let s be (0 - 0)*(-1)/(-3). Suppose s = 13*n - 3042 + 7670. What is the tens digit of n/(-3)*(-18)/(-12)?
7
Let b be ((-121)/(-22))/(1/34). Let o(a) = -17*a - 17. Let w be o(5). Let y = b + w. What is the tens digit of y?
8
Let g = -208 - -211. Suppose -4*p - 3*c + 769 = 0, 564 = g*p - c - c. What is the units digit of p?
0
Let k be 2/((15/70)/(-3)). Let u be (k/(-21))/(8/18). Suppose 2 = -u*s - z, 7 = -s - 3*z - 7. What is the units digit of s?
1
Let t = 918 - -224. Let i = -556 + t. What is the hundreds digit of i?
5
Suppose l = 34*b - 31*b + 76288, -228857 = -3*l + 2*b. What is the thousands digit of l?
6
Suppose -709*j + 770*j - 3491579 = 0. What is the hundreds digit of j?
2
Suppose -6 = 2*f, -2*f - 6 = -p - p. Suppose 816 = 4*b - p*b. Suppose -r + 96 = 2*g - 4*g, 2*r = g + b. What is the tens digit of r?
0
What is the tens digit of 322*(9 + 112) - 5?
5
Let y be 0 + 0/(-1) + 3. Suppose 4*i - 3*z - 268 = 0, -198 = -y*i + 2*z + z. Suppose -5*f + 2*a - 7*a = -i, 5*a = 10. What is the units digit of f?
2
What is the units digit of 8*(11 + 8175/40)?
3
Suppose -104868 = -6*f - 2*v, 5*f - 87394 = 8*v - 11*v. What is the thousands digit of f?
7
Let h = 61 - 67. Let r be h/24 - 2/(-8). What is the units digit of 2/10*r + 9?
9
Let c(v) = -60*v + 27 + 23*v + 15*v + 10*v**2 + 15*v. What is the units digit of c(8)?
1
What is the tens digit of 6/(-4)*(-68588)/78 - 9?
1
Let r = -41732 + 64112. What is the hundreds digit of r?
3
Let h(q) = 53*q**2 - 23*q + 125. Suppose 0 = -3*z - 10*f + 15*f - 10, -25 = -5*f. What is the units digit of h(z)?
5
Let x(i) = 2*i + 1. Let r be x(2). Suppose 4*u = -2*o + 300, r*o + 4*u - 744 = -0*u. What is the units digit of o?
8
Suppose 18*v - 23*v + 25 = 0. Suppose v*u - 2*y - 930 = 0, -2*u + 4*y + 373 = 3*y. What is the units digit of u?
4
Suppose -22*c = 22*c + 20856. Let f = 314 - c. What is the units digit of f?
8
What is the thousands digit of 30/(-90) - 36350/(-15)?
2
Let x be 3/15 - 5745/(-25). Suppose -d + 50 = m, 5*d - x = m + 4*m. Suppose -52*j + 456 = -d*j. What is the tens digit of j?
1
Let i(p) be the first derivative of -p**4/4 - 4*p**3/3 + p**2/2 + 4*p - 215. What is the tens digit of i(-7)?
4
Suppose 4*r - 5*a - 5 = 28, 4*a = -20. Let q be (r/(2/(-3)))/((-54)/1260). Let i = -46 + q. What is the tens digit of i?
2
Let f = -2877 + 4618. Suppose 0 = -3*u + 464 + f. What is the units digit of u?
5
Let t be 1 - (5 - 1)/4. Let i be (-1 + t)*(4 - (-78)/2). Let d = -6 - i. What is the units digit of d?
7
What is the thousands digit of 2164/(-6)*18/(-8)*(-4216)/(-204)?
6
Let y = 35 - 47. Let z be y/(-8)*-10 + 3. What is the tens digit of 2/z*2*-78?
2
Let x = -44 - -54. Suppose -x*g - 351 = -7*g. Let k = g - -208. What is the units digit of k?
1
Let x(i) = 2*i**2 + 18*i - 318. Let k be x(38). Suppose -5*a = 2*c - k, -21*c + 17*c + 6508 = -3*a. What is the tens digit of c?
2
Let p(k) = k**2 + 73*k + 126. What is the thousands digit of p(23)?
2
Suppose -102 = 90*s - 107*s. Suppose 4*m - s*k + 2*k = 6916, -5197 = -3*m - 2*k. What is the thousands digit of m?
1
Suppose 12*n - 11*n = 4, 0 = b + n + 9. What is the thousands digit of b/((-91)/(-42)) + 1295?
1
What is the units digit of (372/(-14))/((-34)/((-124236)/(-51165)) + 14)?
8
Let k be (-2*4)/(0 + -1 + -1). Suppose -5*d + 4*z = -1037, 0*d = -k*d - z + 838. What is the units digit of d?
9
Let k be ((-40)/(-14))/((-1211)/245 + 5). What is the hundreds digit of 4/10 - ((-511470)/k)/9?
1
Suppose -37*c = -19*c - 20*c. Suppose 6*j - m = j + 730, 3*m = c. What is the tens digit of j?
4
Let b(p) be the third derivative of 25*p**4/24 + 25*p**3/3 - 4*p**2 + 7. What is the tens digit of b(11)?
2
Let o be 5/(20/16)*-1. Let r be 2*o/(-12)*3. Suppose -g - 4*w = -97, 0 = -r*g - 2*w + 278 - 54. What is the units digit of g?
7
Suppose 5*w + 412 = 11242. Suppose 14*m = 13660 - w. What is the hundreds digit of m?
8
Suppose -2*v + 11850 = 4*r, -2*v - 3*r = 1305 - 13160. What is the tens digit of v?
3
Suppose -o + 2*p = 4*o - 647, p + 1 = 0. Suppose -b + 3*b + 2 = 0. What is the tens digit of (0/b + -2)*o/(-6)?
4
Let i = 32 + -32. Suppose 8*o + o - 738 = i. Suppose -o - 116 = -6*d. What is the units digit of d?
3
Let z be 72 + 2*(-5)/10. Suppose -z = -4*x - 83. What is the units digit of 4 + (-11 - x) - -119?
5
Let c(g) = -27*g - 87. Let p be c(-3). Let r(f) = -150*f - 332. What is the hundreds digit of r(p)?
5
Let b(j) = -j**3 - 6*j**2 - 11*j - 3. Let w = -75 - -168. Let s be 6/((-72)/w) - (-3)/4. What is the hundreds digit of b(s)?
1
Let c(l) be the first derivative of l**4/4 + 26*l**3/3 - 27*l**2/2 + 4*l - 2. Let x be c(-27). What is the tens digit of 190 + (48/x)/(-3)?
8
Suppose 3*n + 15216 = 5*n + 1060. What is the thousands digit of n?
7
Let c be (17/17)/(-2 + 3149/1574). Suppose -l - 788 = -3*l + 2*n, 2*n + c = 4*l. What is the hundreds digit of l?
3
Let u = 3 - 5. Let y be 7 + -6 - 6/u. Suppose -3*m - y*n + 99 = 0, 0*n - 41 = -m - 4*n. What is the units digit of m?
9
Let k be ((-7)/(-21))/((-2)/(-12)). Let y(u) = -3*u**2 + 14*u + 10. Let a(z) = 16*z**2 - 71*z - 50. Let w(n) = k*a(n) + 11*y(n). What is the tens digit of w(6)?
4
Suppose -i - 35 = -27. Let o be 111980/(-160) - (-1)/i. What is the tens digit of 4/6 - o/12?
5
Let s(k) = -2*k**3 + 5*k**2 + 19*k + 295. What is the tens digit of s(-18)?
3
Let r(s) = 2981*s - 6. What is the tens digit of r(2)?
5
Suppose 630314 - 4489962 = -208*g. What is the thousands digit of g?
8
Suppose -3*k - 2*w = -16414 - 127, -3*w + 12 = 0. What is the units digit of k?
1
Suppose -4*v = 8*l - 4*l + 4, -5*l + 25 = -5*v. What is the hundreds digit of 8/v*(894/(-12) + 4)?
1
Let z(g) = 10*g**3 + g**2 - 3*g + 1. Suppose -11*d + 20 = -6*d. Suppose 2*i + 5*t + 23 = 0, -d*i + 4*t = -14 - 10. What is the units digit of z(i)?
9
Let a(o) = 12*o**3 - 13*o**2 - 108*o + 983. What is the tens digit of a(15)?
3
Let r(u) = u**3 + 41*u**2 + 46*u + 156. What is the thousands digit of r(-18)?
6
Let v be (-4)/(-3)*(18/4 + -3). Let i be v/8 + (-21)/(-12) + 3. Suppose z - 76 = -i*l, 0*z + 4*z - 328 = 4*l. What is the units digit of z?
1
Let j(k) = -k**3 + 2*k**2 + 6*k - 3. Let c be j(-2). What is the units digit of 18852/36 - (c - (-4)/(-3))?
4
Suppose -42*u + 43*u - 866 = 0. Suppose -u = -2*d - 2*z, 5*d = z + 3*z + 2201. What is the units digit of d?
7
Let o(t) = 2*t - 34. Let u be o(18). Suppose -u*y + i = -0*i + 462, 8 = 4*i. Let s = y + 325. What is the tens digit of s?
9
Let b(a) = 31*a - 91. Let r be b(15). Suppose -8*o + 9*o = 4*c + 380, o - c = r. What is the units digit of o?
2
Suppose -2*a = -10 - 2. Let s(u) = 22*u - 6*u - 20 - 21 - 21 + 45. What is the units digit of s(a)?
9
Suppose 178*u = 173*u + 139445 + 271455. What is the ten thousands digit of u?
8
Suppose 3*t = -4*k + 166235, 2*k + 496*t - 83135 = 497*t. What is the tens digit of k?
6
Suppose -6*k + k + 10 = 0, -2*f - 108 = 2*k. Let j = f + 81. Let l = j - 13. What is the units digit of l?
2
Let k = 1712 - -3399. What is the thousands digit of k?
5
Let h(i) be the third derivative of i**6/60 + 11*i**5/60 + i**4/24 - 7*i**3 + 13*i**2 + 3. What is the units digit of h(6)?
2
What is the units digit of ((-13098)/(-10))/((-26)/(-8840)*34)?
8
Let k(u) = u**2 - 7*u + 2. Let w be k(7). Let r be (-51)/w*(-6)/9